eatest common factor of 38 and 15656.
38
What is the highest common divisor of 225 and 90?
45
Calculate the greatest common divisor of 12 and 3288.
12
What is the highest common factor of 15 and 2235?
15
What is the greatest common factor of 470 and 10?
10
Calculate the highest common divisor of 22 and 209.
11
Calculate the highest common divisor of 572 and 88.
44
Calculate the highest common factor of 83 and 5395.
83
What is the greatest common divisor of 16 and 7016?
8
Calculate the highest common factor of 30 and 40.
10
Calculate the highest common divisor of 266 and 6517.
133
Calculate the greatest common divisor of 134 and 1541.
67
Calculate the greatest common factor of 143 and 364.
13
What is the highest common divisor of 13135 and 37?
37
What is the greatest common factor of 6231 and 402?
201
What is the greatest common divisor of 285 and 60?
15
What is the greatest common divisor of 534 and 6?
6
Calculate the highest common divisor of 2466 and 3562.
274
What is the highest common divisor of 5267 and 207?
23
What is the greatest common factor of 13 and 7397?
13
What is the highest common divisor of 345 and 355?
5
Calculate the greatest common divisor of 539 and 98.
49
Calculate the highest common factor of 41 and 7093.
41
What is the highest common factor of 1696 and 96?
32
Calculate the greatest common divisor of 12 and 348.
12
What is the highest common divisor of 33 and 8877?
33
What is the greatest common divisor of 23 and 230?
23
What is the highest common factor of 3 and 24?
3
What is the highest common divisor of 3 and 16?
1
Calculate the highest common factor of 144 and 1008.
144
What is the greatest common divisor of 3302 and 1397?
127
Calculate the highest common divisor of 999 and 27.
27
Calculate the highest common divisor of 7 and 161.
7
What is the greatest common factor of 20 and 80?
20
What is the greatest common divisor of 14 and 34?
2
Calculate the highest common divisor of 315 and 1395.
45
What is the greatest common divisor of 13 and 871?
13
What is the highest common divisor of 29 and 232?
29
Calculate the greatest common factor of 55 and 319.
11
Calculate the greatest common factor of 40 and 144.
8
What is the greatest common divisor of 952 and 884?
68
What is the highest common divisor of 1449 and 63?
63
Calculate the highest common factor of 59 and 59.
59
Calculate the greatest common factor of 40 and 7240.
40
Calculate the highest common divisor of 168 and 320.
8
Calculate the greatest common divisor of 864 and 27.
27
What is the highest common divisor of 1677 and 258?
129
Calculate the greatest common factor of 319 and 11.
11
Calculate the highest common factor of 14 and 133.
7
What is the greatest common divisor of 260 and 20?
20
Calculate the greatest common factor of 76 and 1634.
38
Calculate the greatest common divisor of 511 and 21.
7
What is the highest common divisor of 2 and 242?
2
Calculate the greatest common divisor of 3318 and 4582.
158
What is the greatest common divisor of 308 and 44?
44
What is the greatest common divisor of 142 and 4?
2
Calculate the greatest common divisor of 150 and 90.
30
Calculate the highest common divisor of 6422 and 2223.
247
Calculate the highest common divisor of 10 and 45.
5
What is the greatest common factor of 1441 and 262?
131
What is the highest common factor of 75 and 1695?
15
Calculate the highest common divisor of 1056 and 66.
66
What is the greatest common factor of 10 and 12610?
10
Calculate the greatest common divisor of 642 and 6.
6
What is the greatest common factor of 3160 and 40?
40
Calculate the highest common factor of 224 and 64.
32
Calculate the greatest common factor of 14 and 630.
14
Calculate the highest common divisor of 117 and 663.
39
Calculate the highest common divisor of 120 and 3.
3
What is the highest common divisor of 12 and 876?
12
What is the highest common divisor of 393 and 4192?
131
Calculate the greatest common factor of 377 and 145.
29
Calculate the greatest common factor of 1026 and 38.
38
What is the greatest common divisor of 13716 and 1270?
254
Calculate the highest common factor of 513 and 1458.
27
What is the greatest common divisor of 1689 and 9?
3
What is the greatest common factor of 66 and 23078?
22
Calculate the highest common divisor of 5888 and 92.
92
Calculate the highest common factor of 110 and 495.
55
Calculate the greatest common factor of 324 and 36.
36
Calculate the highest common factor of 51 and 714.
51
What is the highest common factor of 45 and 315?
45
What is the greatest common divisor of 1206 and 774?
18
What is the highest common factor of 2544 and 48?
48
What is the highest common factor of 6 and 86?
2
What is the greatest common factor of 790 and 10?
10
Calculate the highest common factor of 24 and 3.
3
Calculate the highest common divisor of 8 and 484.
4
What is the highest common factor of 6930 and 110?
110
Calculate the highest common factor of 24 and 3072.
24
Calculate the highest common factor of 90 and 774.
18
What is the greatest common factor of 126 and 434?
14
What is the greatest common divisor of 342 and 126?
18
Calculate the highest common divisor of 44 and 946.
22
What is the greatest common divisor of 354 and 102?
6
What is the highest common divisor of 10 and 610?
10
What is the highest common divisor of 5394 and 1116?
186
Calculate the highest common factor of 27 and 918.
27
What is the greatest common divisor of 84 and 392?
28
Calculate the greatest common factor of 28 and 4844.
28
What is the highest common factor of 7 and 28?
7
What is the greatest common factor of 108 and 768?
12
Calculate the greatest common divisor of 918 and 204.
102
Calculate the greatest common divisor of 102 and 2057.
17
What is the greatest common factor of 64 and 1856?
64
What is the highest common factor of 1 and 103?
1
Calculate the highest common factor of 50 and 280.
10
What is the greatest common factor of 57 and 741?
57
What is the greatest common divisor of 494 and 13?
13
What is the highest common divisor of 427 and 183?
61
Calculate the greatest common factor of 342 and 27.
9
Calculate the highest common factor of 12 and 5316.
12
Calculate the greatest common divisor of 67 and 1943.
67
Calculate the greatest common factor of 56 and 3064.
8
What is the greatest common factor of 176 and 110?
22
What is the greatest common divisor of 23 and 529?
23
What is the highest common divisor of 69 and 299?
23
What is the highest common divisor of 58 and 2726?
58
Calculate the highest common divisor of 147 and 4067.
49
Calculate the greatest common divisor of 26 and 286.
26
Calculate the greatest common factor of 140 and 308.
28
What is the greatest common factor of 264 and 154?
22
What is the greatest common factor of 301 and 258?
43
What is the highest common divisor of 6840 and 540?
180
Calculate the highest common factor of 95 and 703.
19
What is the highest common divisor of 228 and 12?
12
Calculate the greatest common divisor of 60 and 2790.
30
Calculate the highest common divisor of 33 and 55.
11
What is the highest common divisor of 247 and 13?
13
Calculate the greatest common divisor of 30 and 185.
5
Calculate the highest common divisor of 20 and 470.
10
Calculate the highest common divisor of 1054 and 34.
34
Calculate the greatest common factor of 253 and 99.
11
What is the greatest common factor of 45 and 10?
5
Calculate the greatest common divisor of 624 and 48.
48
Calculate the highest common divisor of 1 and 25.
1
Calculate the highest common divisor of 319 and 174.
29
What is the greatest common divisor of 315 and 2135?
35
What is the greatest common factor of 44 and 1738?
22
What is the highest common divisor of 20 and 970?
10
Calculate the highest common divisor of 18 and 876.
6
Calculate the greatest common factor of 42 and 308.
14
Calculate the greatest common divisor of 2 and 26.
2
What is the greatest common factor of 284 and 4?
4
Calculate the greatest common factor of 84 and 4501.
7
Calculate the highest common factor of 20 and 32.
4
Calculate the highest common divisor of 253 and 11.
11
What is the greatest common divisor of 58 and 464?
58
Calculate the greatest common factor of 1666 and 2009.
49
Calculate the greatest common divisor of 36 and 3204.
36
Calculate the highest common di